-54)) + 21?
13
What is -9 - (-2 + -12 + (-17 - (-1 - 29)))?
-8
228 + -247 + (-3 - -33) - 73
-62
Calculate (-3 - 8) + -2 + (24 - 20) - 17.
-26
What is the value of -39 + (-14 - -55) - (7 + -1 - 59)?
55
Evaluate -15 + 1 + 9 - (-3 + 4 - -1).
-7
-14 + (-2 - 3 - (-79 + 64))
-4
What is the value of -7 + (-14 - -39) + 31?
49
Calculate -1643 - -1708 - (2 + 0 + 8 + 1).
54
What is the value of -46 + 63 - (108 + -37)?
-54
What is -2 + 3 + (11 - (0 + -4 - -63))?
-47
What is -23 + 65 - 88 - (8 - -3)?
-57
What is 28 - 11 - 84 - -34 - (4 + 0)?
-37
What is the value of 78 + -19 + (-18 - (-8 - 41))?
90
What is (-39 - -23) + -9 + 16 + 19?
10
What is 20 - -2 - (30 - 19) - -38 - (1 - -6)?
42
Evaluate 8 + (-2 + 3 - (-3 - -3)) + -12.
-3
-24 - 67 - (1 + -135)
43
Evaluate -47 - (29 - (23 - 1 - (-328 - -334))).
-60
What is 3 - 1 - (63 + -29 - 73)?
41
(35 - -1) + (31 - (36 + -33 + 32))
32
What is (34 - -2 - (772 + -757)) + -91?
-70
What is 139 + -89 + -95 + (13 - (1 - 0))?
-33
Calculate 13 + (-8 - (6 - -5 - 6)) - -14.
14
What is the value of (315 - 351) + (72 - -9)?
45
Evaluate 83 + -107 + 71 - 143.
-96
Evaluate 31 - (27 + -3 + (1 - 10) + (-16 - -8)).
24
Calculate 91 - (-34 + 0 + 67).
58
What is the value of 2845 - 2970 - (-137 - 8)?
20
What is the value of 3 + -2 + -3 + (-35 - -11 - -50)?
24
What is the value of -10 + 0 - (41 + -57 - -42)?
-36
What is the value of 1084 - 967 - (-1 + 2 + 0 + (-1 - -9))?
108
Evaluate 4 - (5 - 4) - (7 + 0 - (14 + 37)).
47
What is 92 - 63 - (88 - 15)?
-44
Evaluate (47 - (2 - -35)) + 1 + 1 - 31.
-19
Evaluate (-100 - 11) + 36 + -39 + 15.
-99
What is -5 + 2 - (-3 + -14 + 15 + -2)?
1
Evaluate (95 - (0 - -1)) + ((-22 - -22) + -27 - -20).
87
Evaluate (119 - 65 - -28) + -19.
63
Calculate -10 + -8 + 4 + 7 + 6 + -8.
-9
What is (11 - 26) + -119 + (-16 - -30) + (-2 - -5)?
-117
What is -51 + 22 + -35 + 26 + 1 + 13?
-24
What is -57 - -66 - -18 - (-1 - -115)?
-87
What is the value of 24 + -64 - (-15 - -20) - (2 + 2)?
-49
Calculate (-16 - (-77 - -4)) + -14 + -9.
34
What is the value of (-2 + -14 + 6 - -5) + 11 + -9?
-3
43 + -53 + -12 + (-16 - 3)
-41
Evaluate -40 - -116 - 188 - -49.
-63
Evaluate 23 + (-4 - -12 - -4) + 10 + -5.
40
Evaluate -16 - (-13 + 27 + -13).
-17
Evaluate -4 - -21 - (-1 - -61) - (2 + -8 + -4).
-33
What is (-9 - (37 + -41)) + -9?
-14
Evaluate (-1125 - -1001) + (1 - -101).
-22
Calculate 66 + -24 + -39 - (-5 - (3 - 2)).
9
Calculate (4 - -21 - -2) + -35 - (6 + 1 + -5).
-10
Calculate -26 + 20 - (-3 + -6 + 5 + -4) - -52.
54
Evaluate -20 + 13 + (-10 - -9) + (4 - (2 + -30)).
24
Evaluate 45 - (-79 - -101) - -42.
65
Calculate 4 + -5 + (-53 - (8 + -15)).
-47
Evaluate 18 - (-28 - (-59 + 24 + 13)).
24
What is the value of 1 + 61 - (-17 - ((14 - -22) + -63))?
52
Evaluate (-1 + -13 - (785 - 780)) + -2 + 44.
23
Calculate -30 + (-2 - -3) - (11 - (12 + 11) - -10).
-27
Calculate (-7 - -11) + (-1 - ((7 - 13) + 3 + -34)).
40
16 + -22 + 0 + 33 + 5
32
What is the value of (0 + -3 + -4 - (543 + -546)) + 11?
7
Evaluate 6 - -7 - (0 + 1 + 5) - (-77 + 33).
51
Evaluate -52 - (21 + (39 - 64)).
-48
Evaluate (2 + 0 - -22) + -1288 + 1286 - -18.
40
Evaluate (2938 - 3025) + 0 + 202.
115
31 - ((5 - 1) + 4 + (-22 - (5 - 23)))
27
What is the value of 63 + (224 - 321) - (0 - -51)?
-85
What is 64 + (-99 + -27 - -40)?
-22
Evaluate (-88 - -22) + 53 - 6.
-19
Evaluate 30 - (-1 - 1) - (35 + 53 + -94).
38
Calculate -66 - (1 + -9 + (76 - 46)).
-88
What is the value of 0 - -3 - (25 - (-16 - (-14 + 19)))?
-43
-24 + 73 + 10 + -16 + (1 - -1)
45
What is the value of -90 - (-59 - (-111 - -68))?
-74
Calculate -33 - (-48 - -35) - -47.
27
What is the value of 0 + (-12 - -4) - (-3 - -12 - (-18 - -40))?
5
Calculate (-22 - -61 - 63) + 39.
15
What is (-1 - (0 - 59)) + (15 - (21 - (-1 + -3)))?
48
Evaluate -70 + (224 - 218) + -2 + 13.
-53
What is the value of 209 + (135 - 137) + -120?
87
What is the value of -9 + -23 + -56 + 70?
-18
Calculate -71 + -1 - (1727 - 1741).
-58
Calculate (61 - 25 - -36 - 52) + -3 + (-2 - 10).
5
What is (-54 - 5 - -5) + -178 + 184?
-48
-3 - (11 + 11 + 7 + 34 + -3)
-63
Evaluate (-489 - (-670 - -193)) + (0 - (-1 + -55)).
44
What is the value of -10 + (-1 + 2 - (7 - (3 - 7 - 10)))?
-30
Evaluate 9 - ((3 - ((8 - 4) + -8)) + -11 + -10).
23
What is (1008 - 860) + -187 + -1?
-40
-36 - ((-21 - -27) + -18)
-24
Evaluate (14 + -3 - -4) + -4 - 10 - -85.
86
What is -20 + (-23 - -136) + (-48 - -41)?
86
Evaluate (-18 + 28 - 20) + -12 + 28.
6
What is (15 - 19) + 22 - 3 - (9 - 0 - 0)?
6
What is the value of (-7 - (97 - 227)) + -9?
114
What is the value of (-5 - (-2 - -5) - 1) + -4 - 13?
-26
1 + -10 + -25 + (-55 - -44)
-45
9 - (6 + -51) - 27
27
Evaluate 124 - (-7 + (-8 - 2 - 14) + 33).
122
What is (14 - (18 - (31 - 13)) - -57) + -1?
70
What is -200 - (-534 - -188) - (5 + (2 - 1))?
140
What is 12 + 41 + 3 + -11 - (7 + (-17 - -6))?
49
Evaluate -8 + 3 - (8 + -4 + -11 + 2).
0
What is 95 + -175 - ((-2 - 3) + (12 - 13))?
-74
Calculate 1 + -8 - (9922 + -9988).
59
(-161 - 59) + 147 - 75
-148
Evaluate -24 - (80 + 97 + -114).
-87
Evaluate 1 + 1 + -38 + (-68 - -26) + 66.
-12
-650 - -632 - (1 + 3 + 1)
-23
Evaluate 51 + 4 + -32 + 9 + 20.
52
What is -24 - -49 - ((0 - 8) + 85)?
-52
Evaluate (47 - -60) + -189 + -6.
-88
What is (23 - 14) + (112 - (-6 + 3) - (5 + 4))?
115
Calculate -3 + -51 + (1 - (11 + (-13 - (-3 + 0)))).
-54
Calculate (-103 - (37 + -109)) + -27.
-58
30 + (-23 - -4) + -33 + 82
60
What is -2 - 30 - (-12 + (20 - (-7 - -17)))?
-30
Calculate (5 - 2 - -5) + 7 - (12 - 18 - -3).
18
What is 16 + -57 - (-66 + -28)?
53
Calculate -1 + -4 - (-44 - (30 - 37) - (-10 - -4)).
26
What is 9 + -9 + -1 + 3 - -14 - 5?
11
Evaluate (-43 - 2) + 4512 + -4475.
-8
Evaluate 7 + -69 - (-321 - -301 - (-19 + -1)).
-62
Calculate -194 + 173 - (-22 + (-1 - 2)).
4
(-31 - -4) + -28 - ((-17 - -10) + 20)
-68
What is (-53 - -39 - (3 + -16)) + 5 + 44?
48
-21 + (-17 - 5 - (55 - 66))
-32
-15 - (-79 + 34 + 0)
30
What is the value of 35 + ((-16 - 0) + -1 - (-2648 + 2640))?
26
-3 - -10 - (14 + (-3 + -9 - 18))
23
Calculate 1096 + -1302 - (-98 + -1).
-107
Evaluate 2 + 0 + 2 - (2792 - 2775).
-13
-46 - -31 - (-4 - 1 - 85)
75
Evaluate (8 - (9 + 16)) + (0 - (-1 + -2)) + -6.
-20
(-2 - 19 - -16) + (59 + -120 - (-2 + -4))
-60
(-5 + -2 + 3 - (-7 - 0)) + -82 + 83
4
What is 17 - (12 + (6 - 1 - (723 - 693)))?
30
-18 + (-157 - -139) + (-3 - -2 - -5)
-32
Evaluate -1 - 65 - (-54 - (-9 - 27)).
-48
What is the value of (-25 - (16 + -44 + -14)) + -106?
-89
Calculate 1 + -8 + (6 - ((24 - 13) + 0)).
-12
-13 - (-33 + (-4 - 1) + 5 + 13)
7
Evaluate -126 + -2 + 4 - (-5 + 16 + -10 + 0).
-125
What is -93 + -31 + 133 + 8?
17
What is the value of 12 + (-151 - -79) + 37 + 15 + -1?
-9
Evaluate 30 + -30 + 46 + -46 + 11.
11
Evaluate -11 + -1 - (8 - (22 - (20 + (-19 - -1)))).
0
(-29 + (25 - 29 - -59) - 14) + (124 - -1)
137
Calculate 4 - ((8 - 1) + (-47 - -12 - -21)).
11
What is the value of -35 + -5 + (-2 - -7 - -14)?
-21
Calculate 2 + -3 + -7 + 20 + -2 + -1 + -14.
-5
What is the value of (-21 - (-12 + -20)) + -30 + 51?
32
What is -6 - -46 - -17 - 5?
52
Evaluate -2067 - -2056 - (-1 + 19 + 2).
-31
Evaluate -15 + (-190 + 196 - (1 + -39)).
29
What is -2 + -3 + (-6 + -8 - (18 + 5 - 85))?
43
Evaluate -57 + (-3 - -71 - 79).
-68
Calculate -5 + 54 + -5 + (29 - 59) + 20.
34
What is 97 - (-8 + (-11 - -6 - -14)) - -1 - 12?
85
What is the value of -12 - (12 + -9 - 8) - (-10 + 23 + -7)?
-13
Evaluate 0 + (-136 - -7) - (16 + -18 + 7 + -20).
-114
What is 8153 - 8155 - (-3 - -1 - (20 - 2))?
18
What is 41 + -32 + (-9 - -24) - -74?
98
What is the value of 38 - ((3 - (5 + 23 + -11 + -5)) + 11)?
36
Evaluate (-4 - (9 + -29 + 9) - (2 - -16)) + 20.
9
Evaluate 2 + -6 + 4 + 3 - (-10 + (15 - 6)).
4
What is the value of 64 + -72 + 35 + 12 + 17?
56
What is the value of -13 + (-15 + -16 + 29 - (47 - -2))?
-64
Evaluate -5 - 1 - (31 - 8).
-29
What is the value of 13 + 7 - (-214 + 240 - (2 + 14))?
10
What is the value of -21 + (0 - 9) + (-77 - -85)?
-22
Evaluate -17 + (-5 - -15) - ((-87 - 5) + 0 + -2).
87
Evaluate -93 + -7 + 74 + -37.
-63
What is -28 - (-51 + -65) - 145?
-57
What is (-12 - (-108 - (-25 + -4))) + -17?
50
Calculate 58 - (65 + -20 - 12).
25
Evaluate -9 - (-2 + 93) - -90.
-10
Evaluate (-7 - -36) + (6 + 0 + 1 + 0 - 18).
18
Calculate (1028 - 1051) + (-2 - (-1 - 8)) + 11 + 97.
92
Wh